2 + v + 9. Determine c(-5).
29
Let q(z) = z**2 - 12*z + 33. What is q(13)?
46
Let n(x) = 913*x + 56609. Calculate n(-62).
3
Let z(g) = -3*g**2 + 17*g + 18. Give z(8).
-38
Let l(s) = s**3 + 3*s**2 - 14*s + 111. Give l(-7).
13
Let w(k) = 734*k + 8815. What is w(-12)?
7
Let m(w) = w**2 + 9*w - 174. Give m(9).
-12
Let t(h) = -165*h + 4009. Give t(24).
49
Let f(k) = -2*k**2 - 4*k - 4. Determine f(-7).
-74
Let b(j) = -45720*j + 91434. Give b(2).
-6
Let f(t) = -t**3 + 38*t**2 + 41*t - 81. Determine f(39).
-3
Let a(f) = 23*f**2 - 9*f + 19. What is a(4)?
351
Let t(b) = -4*b + 1. Determine t(24).
-95
Let a(r) = 9*r**2 - 352*r + 2794. Determine a(28).
-6
Let k(c) = 841*c + 837. Calculate k(-1).
-4
Let u(b) = -b**3 + 10*b**2 + 46*b - 95. Give u(13).
-4
Let y(n) = n**3 - 38*n**2 - 82*n + 71. Calculate y(40).
-9
Let s(u) = 2*u**2 + 164*u + 414. Calculate s(-78).
-210
Let t(l) = 11*l**2 - 1763*l + 474. What is t(160)?
-6
Let u(x) = 3*x**3 - 34*x**2 - 37*x + 232. What is u(12)?
76
Let y(p) = -45*p**2 + 2696*p + 237. Give y(60).
-3
Let g(w) = -18*w + 1648. What is g(34)?
1036
Let d(y) = 4*y**2 - 701*y + 4207. What is d(169)?
-18
Let v(s) = 14*s**2 - 2*s - 9. Calculate v(0).
-9
Let h(s) = s**3 - 12*s**2 + 19*s - 96. Calculate h(11).
-8
Let o(f) = f**2 + 4942*f + 24652. What is o(-5)?
-33
Let r(u) = 37*u + 147. Determine r(0).
147
Let w(a) = 252*a + 86185. Calculate w(-342).
1
Let a(y) = -y**2 - 53*y + 719. Determine a(11).
15
Let t(d) = -21*d + 489. What is t(0)?
489
Let y(p) = -p**3 + 49*p**2 + 101*p + 60. What is y(51)?
9
Let x(a) = -a**2 - 101*a + 537. Determine x(5).
7
Let t(n) = -n**3 - 15*n**2 + 48*n + 133. Calculate t(-17).
-105
Let c(l) = -2*l**2 + 43*l + 9. Determine c(21).
30
Let l(w) = w**2 - 21*w - 326. Give l(-10).
-16
Let y(i) = 5*i**3 - 3*i**2 + 32*i - 96. Give y(4).
304
Let t(p) = p**2 - 101*p + 586. Calculate t(6).
16
Let a(w) = w**2 - 60*w + 149. Give a(55).
-126
Let m(d) = -15*d + 479. What is m(32)?
-1
Let l(q) = q**2 - 87*q - 178. Determine l(-2).
0
Let r(o) = o**3 - 5*o**2 + 165*o - 997. Determine r(6).
29
Let w(n) = -n**3 + 93*n**2 + 93*n + 102. Determine w(94).
8
Let u(k) = 3*k**2 - 79*k + 55. Determine u(25).
-45
Let a(h) = 4*h**2 + 72*h - 104. Give a(-19).
-28
Let q(o) = -10*o - 379. Calculate q(-38).
1
Let j(u) = 222*u + 1779. Determine j(-8).
3
Let o(f) = f**3 - 5*f**2 + 20*f - 18. Give o(2).
10
Let t(n) = 2*n**3 - 8*n**2 - 110*n - 29. What is t(10)?
71
Let r(b) = -b**3 + 7*b**2 - 11*b + 8. What is r(4)?
12
Let w(y) = -242*y + 23470. Determine w(97).
-4
Let c(p) = -p**3 + 175*p**2 - 345*p. What is c(2)?
2
Let w(g) = 3*g**2 + 42*g + 37. Give w(-18).
253
Let g(v) = v**3 - 13*v**2 - 111*v - 17. What is g(-6)?
-35
Let d(p) = -322*p**3 - p**2 - 2*p. Calculate d(-1).
323
Let p(m) = m**2 - 51*m + 259. Calculate p(6).
-11
Let a(q) = -784*q - 6283. What is a(-8)?
-11
Let y(s) = -3*s**2 - 20*s - 83. Give y(-5).
-58
Let l(f) = f**2 - 53*f + 148. Give l(48).
-92
Let f(n) = -2*n**3 + 40*n**2 - 8*n - 34. Calculate f(19).
536
Let q(r) = -261*r - 386. Calculate q(0).
-386
Let c(t) = -11*t**2 - 11*t - 17. What is c(-2)?
-39
Let s(c) = 175*c**2 - 1212*c - 91. Determine s(7).
0
Let z(x) = -246*x**2 + 1336*x - 522. Determine z(5).
8
Let m(n) = -380*n**2 + 52*n + 54. Determine m(-1).
-378
Let g(z) = -8512*z + 170236. Determine g(20).
-4
Let u(b) = 79*b + 65. What is u(-2)?
-93
Let x(y) = -51*y + 5057. Give x(100).
-43
Let z(p) = 28*p**3 - 2*p**2 - 104*p - 102. What is z(-1)?
-28
Let y(m) = m**2 - 427*m - 424. Calculate y(-1).
4
Let n(t) = -371*t + 2565. What is n(7)?
-32
Let y(b) = -24*b**2 - 7*b - 47. Calculate y(-4).
-403
Let h(r) = -9*r - 571. Calculate h(-47).
-148
Let o(g) = g**3 + 26*g**2 + 80*g - 173. Give o(-22).
3
Let o(r) = 3*r**2 - 9*r + 1. Calculate o(2).
-5
Let v(s) = 95*s - 339. Determine v(3).
-54
Let d(m) = -m**3 - 58*m**2 - 62*m - 145. Determine d(-57).
140
Let l(u) = u**3 + 10*u**2 - 604*u + 20. Give l(-30).
140
Let c(b) = -13*b**2 + 1381*b + 1062. Determine c(107).
-8
Let h(j) = 53*j - 444. Give h(7).
-73
Let t(o) = -o**2 + 100*o + 426. Give t(-4).
10
Let m(a) = -3*a**3 + 83*a**2 - 56*a + 15. Give m(27).
-39
Let l(i) = 13*i - 79. Give l(-11).
-222
Let d(p) = p**3 + 2*p**2 - 25*p - 8. Calculate d(4).
-12
Let o(j) = -145*j**2 + j - 6. Calculate o(-1).
-152
Let b(v) = v**3 + 4*v**2 - 48*v - 28. What is b(-9)?
-1
Let g(n) = n**2 - 20*n - 303. Determine g(31).
38
Let b(o) = 5*o**2 + 41*o + 33. What is b(-6)?
-33
Let r(o) = 26*o - 682. What is r(25)?
-32
Let p(l) = 5*l + 57. Determine p(3).
72
Let c(d) = -d**2 - 29*d - 93. Determine c(-27).
-39
Let i(w) = 27*w + 797. Determine i(-29).
14
Let f(k) = -8*k**2 - 2*k + 32. Give f(4).
-104
Let x(r) = 8*r**2 + 62*r + 180. Calculate x(-4).
60
Let j(x) = -2*x**2 + 63*x + 7514. Give j(79).
9
Let s(i) = 15*i**2 - 234*i + 715. Determine s(3).
148
Let p(t) = -3*t**3 + 229*t**2 - 299*t - 134. What is p(75)?
-59
Let q(c) = -211*c + 3393. Determine q(16).
17
Let j(u) = 69*u - 4826. Give j(70).
4
Let s(g) = -g**3 - 15*g**2 - 29*g + 167. Calculate s(-11).
2
Let p(f) = f**3 + 11*f**2 - 8*f - 73. Determine p(-10).
107
Let z(x) = -266*x - 2120. Calculate z(-8).
8
Let n(u) = u**3 + 68*u**2 - 142*u - 116. Determine n(-70).
24
Let j(t) = -2*t**3 + 27*t**2 - 53*t - 5. What is j(4)?
87
Let w(o) = 116*o + 1105. Give w(-6).
409
Let w(n) = -n**2 + 20*n + 136. Determine w(24).
40
Let m(s) = -2*s**3 - 3*s**2 + 37*s - 278. Calculate m(-7).
2
Let l(k) = -k**3 + 147*k**2 + 4696*k + 324. What is l(174)?
-24
Let q(i) = 89*i + 9810. Calculate q(-110).
20
Let q(n) = n**3 - 25*n**2 - 17*n - 33. Calculate q(26).
201
Let c(q) = -5*q**2 - 459*q + 932. Calculate c(2).
-6
Let b(i) = -796*i + 5524. Calculate b(7).
-48
Let f(k) = -480*k - 3843. Determine f(-8).
-3
Let w(d) = -2*d**2 - d - 91. Calculate w(12).
-391
Let r(g) = -3*g**2 + 79*g - 481. Give r(11).
25
Let o(m) = -m**2 - 1288*m - 21611. What is o(-17)?
-4
Let o(g) = 11*g**2 + 125*g - 925. Calculate o(5).
-25
Let i(u) = 495*u + 237. Determine i(-1).
-258
Let w(v) = -v**3 - 29*v**2 - 62*v - 41. Determine w(-27).
175
Let v(o) = -312*o - 320. Calculate v(-1).
-8
Let l(w) = -w**3 - 52*w**2 - 106*w - 282. Calculate l(-50).
18
Let b(k) = k**3 + 25*k**2 + 92*k - 117. Calculate b(-20).
43
Let n(b) = -b**3 - 13*b**2 - 56*b - 567. What is n(-12)?
-39
Let b(a) = a**3 - 44*a**2 + 123*a + 6. Calculate b(41).
6
Let g(x) = x**3 - 15*x**2 - 70*x - 117. Calculate g(19).
-3
Let d(s) = -75*s - 56. What is d(-1)?
19
Let k(y) = -y**2 - 37*y + 2457. Determine k(34).
43
Let n(w) = -10*w**2 - 30*w - 59. What is n(-2)?
-39
Let v(m) = -m**2 - 27*m + 228. Calculate v(7).
-10
Let q(w) = -7*w - 375. Give q(-15).
-270
Let q(x) = 278*x**2 - 1674*x + 16. Calculate q(6).
-20
Let m(r) = 118*r**2 - 17*r - 18. What is m(-1)?
117
Let g(b) = -44*b + 70. Calculate g(2).
-18
Let h(p) = 367*p - 15446. Calculate h(42).
-32
Let k(i) = -4*i + 56. Determine k(8).
24
Let r(l) = l**3 - 5*l**2 - 157*l + 124. Give r(15).
19
Let c(u) = -u**2 - 34*u - 209. Determine c(-15).
76
Let u(b) = b**2 + 8*b + 31. Determine u(-17).
184
Let k(p) = -234*p + 2827. Give k(12).
19
Let a(h) = h**2 - 16*h - 9. What is a(9)?
-72
Let i(x) = -164*x + 810. Determine i(5).
-10
Let a(f) = f**3 + 68*f**2 - 137*f + 77. Determine a(-70).
-133
Let b(v) = 2*v**2 - 145*v - 575. Give b(-4).
37
Let g(r) = -r**3 + 311*r**2 + 1242*r + 5670. Give g(315).
0
Let k(q) = q**3 - 2*q**2 + 32. Calculate k(5).
107
Let r(h) = 2020*h + 4027. Give r(-2).
-13
Let r(j) = 654*j + 15684. Give r(-24).
-12
Let j(i) = i**3 - 19*i**2 + 63*i - 6. Calculate j(4).
6
Let k(y) = 652*y + 73669. Give k(-113).
-7
Let i(z) = -z**2 - 32*z + 98. Determine i(-36).
-46
Let k(i) = -4*i + 155. Calculate k(32).
27
Let f(l) = -106*l + 546. Calculate f(7).
-196
Let m(q) = -2*q**3 - 136*q**2 + 1384*q - 153. Determine m(-77).
1
Let y(f) = -24*f - 1047. Calculate y(-21).
-543
Let h(q) = -q**2 + 52*q + 53. Give h(-1).
0
Let n(a) = a**2 + 124*a + 373. Calculate n(-3).
10
Let n(z) = 3*z**2 - 95*z + 162. What is n(30)?
12
Let q(h) = -h**3 + 6*h**2 + 1210*h - 6078. Give q(5).
-3
Let d(k) = 168*k - 8. Calculate d(2).
328
Let x(f) = f**3 - 6*f**2 - 13*f - 3. Calculate x(6).
-81
Let m(u) = -u**3 - 9*u**2 + 6*u + 17. Calculate m(-9).
-37
Let j(f) = -f**2 - 24*f + 205. Calculate j(-31).
-12
Let t(k) = 34*k